z is divided by 77.
70
Let q be -9*(-2)/(-4)*-4. Let t = q + -10. Let r(i) = i**3 + 15*i**2 - 54*i + 18. What is the remainder when r(-18) is divided by t?
2
Let u(v) = -14*v + 788. Suppose 0 = -25*d + 23*d + 44. Calculate the remainder when u(52) is divided by d.
16
Suppose -4431 - 749 = -370*y. Suppose -3*m + 104 = -61. Calculate the remainder when m is divided by y.
13
Suppose -p - 5*r + 604 = 0, -1777 - 35 = -3*p - 2*r. Suppose 4*f - p = -536. Let c(o) = -2*o - 7. What is the remainder when f is divided by c(-7)?
3
Suppose 35*g = 31*g + 8. Let j(h) = h**2 + 1 + 0*h + 2*h + 0 - 3*h + 9*h**3. What is the remainder when j(1) is divided by g?
0
Let p = -25 - -69. Let o = 388 - 73. Let v = o + -306. What is the remainder when p is divided by v?
8
Suppose -3*u - 68 = -2*x, -211*x + 4*u = -210*x - 44. Let j = -115 + 254. Suppose 0*t = t - j. Calculate the remainder when t is divided by x.
27
Let u = -5305 - -5380. What is the remainder when 5623 is divided by u?
73
Let z(f) = -3*f + 26. Suppose 4 = 3*o - 2*d, 5*o + 4*d + 0*d - 14 = 0. Suppose k - o = 3. What is the remainder when 26 is divided by z(k)?
4
Let z = -33973 - -33982. Suppose 43 + 11 = 2*h. Calculate the remainder when h is divided by z.
0
Let n(z) = 174*z + 3883. What is the remainder when 1040 is divided by n(-22)?
50
Let l be 1 - (-8 - (-2 + 2)). Suppose -350 = -4*x - 2*v, x - 5*v = 3 + 90. Calculate the remainder when x is divided by 30*(-3 - l/(-2)).
43
Suppose -5*u + 99 = -3*c, -8*u - 3*c = -12*u + 78. What is the remainder when 2768 is divided by u?
17
Let u = -35 + 39. Suppose 0 = 4*y + 5*q + 46 + 3, -u = -y + 2*q. Let z = 2 - y. What is the remainder when 31 is divided by z?
7
Suppose 5*a + 8 = 28. Let d = 0 + 3. Suppose d*s + a*p = 59, -s + 3*p + 45 = s. Calculate the remainder when 41 is divided by s.
20
Suppose 3 = p + r, 2*p - 3 = r + 3. Suppose -14*o + 3949 = -p*o. Calculate the remainder when o is divided by 46.
37
Let w(l) = -10*l - 229. Let h be w(-25). Suppose 24*u = -h*u + 2745. What is the remainder when u is divided by 17?
10
Let y(d) = -9*d + 72. Let s be y(9). What is the remainder when 0/s - 3 - 64*-4 is divided by 32?
29
Let z(o) = o**3 + 4*o**2 - 8*o - 6. Let u be z(-5). Let y = 71 + u. Let d = 140 + -113. Calculate the remainder when y is divided by d.
26
Suppose 10*i - 560 = 210. Let f = i - 64. Suppose 0 = -0*b + f*b - 1131. Calculate the remainder when b is divided by 15.
12
Let c(n) = -882*n - 779. Calculate the remainder when c(-7) is divided by 142.
141
Let m(y) = -4*y - 6. Let g be m(-3). Suppose 0 = -2*r - g + 10. What is the remainder when 63 is divided by (-1)/r*44*15/(-10)?
30
Let f(m) = -19*m - 672. What is the remainder when 1213 is divided by f(-48)?
13
What is the remainder when (-58)/((2/(-35))/(7 + 403/(-65))) is divided by 53?
17
Calculate the remainder when 8/36 + 1177720/90 is divided by 32.
30
Let j(x) = 13*x + 0*x**3 + 14*x**2 - 2*x**3 - x**3 + 19 + 4*x**3. Let c(q) = -q - 5. Let w be c(8). What is the remainder when 55 is divided by j(w)?
17
Let v(w) = w**3 - 131*w**2 - 419*w + 2307. Let d = 2 + 8. What is the remainder when v(134) is divided by d?
9
Let v(u) = -u**3 + 3*u**2 - 7*u + 18. Let j be v(6). Let h = 166 + j. Calculate the remainder when 130 is divided by h.
28
Let c be 2*-3*(-1598)/68. Suppose -3*n + 441 + c = 0. Calculate the remainder when n is divided by 34.
24
Calculate the remainder when (4/22)/(20/220) - (-480 - -3) is divided by 160.
159
Suppose b + 66 = 2*r, 0 = -5*r - 5*b + 3*b + 147. Suppose 0 = -r*m + 467 - 64. What is the remainder when 23 is divided by m?
10
Let p(u) = u**3 - 5*u**2 + 4*u - 2. Calculate the remainder when 1*187 + (0 - (11 + -14)) is divided by p(5).
10
Suppose 216 = 3*y - 3*u, -4*y + 453*u + 264 = 455*u. Calculate the remainder when y is divided by ((-10)/(-3))/(1/3).
8
Let o(a) be the third derivative of 7*a**6/60 - a**5/30 + a**4/8 - a**3/3 - 39*a**2. Let n = 149 - 61. Calculate the remainder when n is divided by o(1).
10
Calculate the remainder when 8 + (-2714)/(-1)*19/38 is divided by 72.
69
Suppose 140*i = -289 + 540 + 1149. Calculate the remainder when (2/6 + -1)*-36 is divided by i.
4
Let t(u) = 4*u**2 + 2*u - 7. Suppose 0 = 14*s + 554 - 806. What is the remainder when t(4) is divided by s?
11
Let t(g) = g**2 - 16*g - 64. Let h be t(20). Suppose -h*u + 2541 = 1053. Calculate the remainder when 174 is divided by u.
81
Suppose 56 - 120 = -16*w. Suppose d = 6*d - 110. Suppose -w*k = -266 + d. Calculate the remainder when k is divided by 31.
30
Suppose -2*l - 5*z + 353 = 0, z = -5*l + 6*z + 795. What is the remainder when 333 is divided by l?
5
What is the remainder when ((-3)/(-5))/(0 + 24/2480) is divided by 49?
13
Let c(b) = 14*b**3 - 13*b**2 + 20*b. Let w be c(9). Suppose -4*y = -13*y + w. Calculate the remainder when y is divided by 65.
62
What is the remainder when 623 is divided by ((-20)/8)/((-30)/288)?
23
Suppose -2*i + 84 = 6*k, -154 = i - 5*i - 5*k. Calculate the remainder when 123 is divided by i.
15
Suppose 3*t = 2*t + 4. Let p = t + 3. Suppose 2*u = -5*m + p, -3*m + 2*m = 2*u - 27. What is the remainder when 28 is divided by u?
12
Let z(v) = v**3 - 2*v**2 + v - 2. Let a be z(5). Suppose 9*c - 3*c = -a. What is the remainder when 118 is divided by (-2 - (-68)/10)*(-65)/c?
22
Let t(v) = -1564*v + 7956. What is the remainder when 493 is divided by t(5)?
85
Let w(l) = l**3 + 2*l**2 - 9*l - 2. Let o be (28/12 - 3) + (-100)/(-6). Suppose -12*n + 16 = -o*n. What is the remainder when w(n) is divided by 1?
0
Suppose 29*t - 96 = 5*t. Suppose 0*o + 2*o + 2*y = 280, 5*o + t*y = 698. What is the remainder when o is divided by 70?
68
Suppose -151*i + 68*i = -88146. What is the remainder when i is divided by 93?
39
Suppose p - 16 = 1. Let x be (-3 + 0)*((-3)/(-9) - 1). Let r = x - -64. What is the remainder when r is divided by p?
15
Let m = 50 + -43. Suppose -2*b + 0*b - 2*s = 0, 3*b - s = 20. Suppose -4*a = a + c - 52, 10 = b*c. What is the remainder when a is divided by m?
3
Calculate the remainder when 226*33390/504*(24/10 + -2) is divided by 14.
11
Suppose -38 = -18*j - j. Suppose -3 + 17 = k - i, j*k - 5*i = 31. Calculate the remainder when (-1)/2 + 47/2 is divided by k.
10
Suppose 188*v - 1900 = 168*v. What is the remainder when v is divided by 3?
2
Let f be (5 - 1 - 0)/1 - 1. Let o(q) = -31*q + 108. What is the remainder when 44 is divided by o(f)?
14
Suppose 4*h = 7 - 19. Let i(r) = -27 + 24 + 2 - 5*r - 2. Calculate the remainder when 34 is divided by i(h).
10
Let l(h) = h**2 - 17*h + 8. Let a be l(17). Let u(z) = 4*z**2 - 6*z + 33. Calculate the remainder when u(a) is divided by 81.
79
Suppose -35*f + 56*f = -5922. Let g = f + 373. Calculate the remainder when 360 is divided by g.
87
Let d = -879 + 967. Calculate the remainder when 243 is divided by d.
67
Let t = 12159 - 11767. Calculate the remainder when t is divided by 122.
26
Let l be (-1)/2*0/14. Suppose l = 2*t - 28*t + 832. What is the remainder when t is divided by 6?
2
What is the remainder when (11/((-308)/145224))/(-11 + (-1359)/(-126)) is divided by 38?
36
Suppose -9162 - 117227 - 36220 = -809*m. What is the remainder when 204 is divided by m?
3
Suppose 0*c = -6*c + 126. Let z = c + -2. Suppose 0 = 2*n - z + 3. Calculate the remainder when 21 is divided by n.
5
Suppose 19*s = 63*s - 3520. Suppose 15 = 5*l - 0*l. Suppose 4*q - t = 102 - 10, -l*q - 3*t = -54. What is the remainder when s is divided by q?
14
Let z = -88 - -135. Suppose -3*i - 107 = -h, 4*i + 63 + 53 = -4*h. Let m = i + z. Calculate the remainder when m is divided by 5.
3
Suppose -2549*k + 2480*k + 2139 = 0. What is the remainder when 7966 is divided by k?
30
Let t = -2 + 23. Let g(z) = -319*z - 269. Let y be g(-7). Let j = -1882 + y. Calculate the remainder when j is divided by t.
19
Suppose -3*d = 4*a, 4*d + 10 = 2*a - 4*a. Suppose 5*u = -y + 17, -3*u - 3 = -a*y - 42. Let f = 102 - y. What is the remainder when f is divided by 16?
14
Let s = -886 - -868. Let z be ((-1)/(-3))/(1/3). Let a = z - s. What is the remainder when 53 is divided by a?
15
Let r = 116 + -120. Let t be r*(85/(-4) + 0). Let k = 102 - t. What is the remainder when 46 is divided by k?
12
Suppose -11 - 40 = -3*r. Let n be 2/(-34)*104 + 2/r. Let c(z) = -13*z - 35. Calculate the remaind